{"id":18,"date":"2023-12-15T03:30:50","date_gmt":"2023-12-15T02:30:50","guid":{"rendered":"https:\/\/elodiebritton-psychologue.com\/?page_id=18"},"modified":"2024-05-10T18:36:49","modified_gmt":"2024-05-10T16:36:49","slug":"tarifs","status":"publish","type":"page","link":"https:\/\/elodiebritton-psychologue.com\/index.php\/tarifs\/","title":{"rendered":"Infos pratiques"},"content":{"rendered":"\n<h2 class=\"wp-block-heading has-text-align-center\">INFORMATIONS PRATIQUES<\/h2>\n\n\n\n<hr class=\"wp-block-separator has-alpha-channel-opacity\"\/>\n\n\n\n<div class=\"wp-block-group has-ast-global-color-4-background-color has-background is-layout-constrained wp-block-group-is-layout-constrained\">\n<p><strong><mark style=\"background-color:rgba(0, 0, 0, 0)\" class=\"has-inline-color has-ast-global-color-1-color\">Dur\u00e9e des consultations :<\/mark><\/strong><mark style=\"background-color:rgba(0, 0, 0, 0)\" class=\"has-inline-color has-ast-global-color-7-color\"><strong> <\/strong>45 minutes.<\/mark><\/p>\n\n\n\n<div class=\"wp-block-group is-layout-constrained wp-block-group-is-layout-constrained\">\n<div class=\"wp-block-group is-layout-constrained wp-block-group-is-layout-constrained\">\n<div class=\"wp-block-group is-layout-constrained wp-block-group-is-layout-constrained\">\n<div class=\"wp-block-group is-layout-constrained wp-block-group-is-layout-constrained\">\n<p class=\"has-text-align-left\"><strong><mark style=\"background-color:rgba(0, 0, 0, 0)\" class=\"has-inline-color has-ast-global-color-1-color\">Fr\u00e9quence :<\/mark><\/strong><mark style=\"background-color:rgba(0, 0, 0, 0)\" class=\"has-inline-color has-ast-global-color-7-color\"><strong> <\/strong>elle est \u00e9tablie et ajust\u00e9e avec vous, en fonction de vos besoins.<\/mark><\/p>\n\n\n\n<p class=\"has-text-align-left\"><mark style=\"background-color:rgba(0, 0, 0, 0)\" class=\"has-inline-color has-ast-global-color-1-color\"><strong>Tarif<\/strong> <strong>de la consultation :<\/strong><\/mark><mark style=\"background-color:rgba(0, 0, 0, 0)\" class=\"has-inline-color has-ast-global-color-7-color\"> 70\u20ac<\/mark>. <strong>Tarif adapt\u00e9<\/strong> pour les personnes en situation de pr\u00e9carit\u00e9 \u00e9conomique (\u00e9tudiants, demandeurs d&#8217;emploi&#8230;) : 60\u20ac<\/p>\n\n\n\n<div class=\"wp-block-group is-vertical is-layout-flex wp-container-core-group-is-layout-fe9cc265 wp-block-group-is-layout-flex\">\n<div class=\"wp-block-group is-layout-constrained wp-block-group-is-layout-constrained\">\n<p><mark style=\"background-color:rgba(0, 0, 0, 0)\" class=\"has-inline-color has-ast-global-color-7-color\"><strong>Le paiement<\/strong> s\u2019effectue par ch\u00e8que ou esp\u00e8ce (carte bancaire non accept\u00e9e).<\/mark> <mark style=\"background-color:rgba(0, 0, 0, 0)\" class=\"has-inline-color has-ast-global-color-7-color\">Les consultations psychologiques ne sont pas rembours\u00e9es par la s\u00e9curit\u00e9 sociale. N\u00e9anmoins, certaines compl\u00e9mentaires sant\u00e9 proposent des remboursements. Pour en savoir plus, rapprochez-vous de votre mutuelle.<\/mark> <\/p>\n\n\n\n<p><strong>En cas d&#8217;emp\u00eachement,<\/strong><mark style=\"background-color:rgba(0, 0, 0, 0)\" class=\"has-inline-color has-ast-global-color-7-color\"> il est possible de modifier le rendez-vous dans la limite des possibilit\u00e9s. N\u00e9anmoins, toute consultation qui ne sera pas annul\u00e9e 48h \u00e0 l&#8217;avance, sera consid\u00e9r\u00e9e comme due<\/mark>.<\/p>\n\n\n\n<p><mark style=\"background-color:rgba(0, 0, 0, 0)\" class=\"has-inline-color has-ast-global-color-7-color\"><strong>Le contenu des \u00e9changes<\/strong> est confidentiel. Aucune information ne pourra \u00eatre transmise \u00e0 un tiers.<\/mark><\/p>\n<\/div>\n<\/div>\n<\/div>\n<\/div>\n<\/div>\n<\/div>\n<\/div>\n\n\n\n<div class=\"wp-block-group is-layout-constrained wp-block-group-is-layout-constrained\">\n<div class=\"wp-block-columns is-layout-flex wp-container-core-columns-is-layout-28f84493 wp-block-columns-is-layout-flex\">\n<div class=\"wp-block-column is-layout-flow wp-block-column-is-layout-flow\">\n<h3 class=\"wp-block-heading has-text-align-center\"><mark style=\"background-color:rgba(0, 0, 0, 0)\" class=\"has-inline-color has-ast-global-color-8-color\">POUR <strong>ME CONTACTER :<\/strong><\/mark><\/h3>\n\n\n\n<p class=\"has-text-align-center\"><mark style=\"background-color:rgba(0, 0, 0, 0)\" class=\"has-inline-color has-ast-global-color-4-color\">.<\/mark><mark style=\"background-color:rgba(0, 0, 0, 0)\" class=\"has-inline-color has-primary-color\"><strong>Vous pouvez me laisser un message et vos coordonn\u00e9es, je m&#8217;engage \u00e0 vous r\u00e9pondre rapidement.<\/strong><\/mark><\/p>\n\n\n\n<p class=\"has-text-align-center\"><strong><mark style=\"background-color:rgba(0, 0, 0, 0)\" class=\"has-inline-color has-ast-global-color-7-color\">Vous pouvez \u00e9galement prendre rendez-vous via la plateforme Doctolib.<\/mark><\/strong><\/p>\n\n\n\n<p class=\"has-text-align-center\"><strong><mark style=\"background-color:rgba(0, 0, 0, 0)\" class=\"has-inline-color has-ast-global-color-1-color\">Tel : 06 98 50 17 15<\/mark><\/strong><\/p>\n\n\n\n<p class=\"has-text-align-center\"><strong><mark style=\"background-color:rgba(0, 0, 0, 0)\" class=\"has-inline-color has-ast-global-color-1-color\">98 Rue Ney 69006 Lyon<\/mark><\/strong><\/p>\n\n\n\n<p class=\"has-text-align-center\"><strong><mark style=\"background-color:rgba(0, 0, 0, 0)\" class=\"has-inline-color has-ast-global-color-1-color\">Horaires d&#8217;ouverture : lundi, mardi, jeudi et vendredi de 9h \u00e0 19h.<\/mark><\/strong> <strong><mark style=\"background-color:rgba(0, 0, 0, 0)\" class=\"has-inline-color has-ast-global-color-1-color\">Samedi de 9h \u00e0 14h.<\/mark><\/strong><\/p>\n\n\n\n<div class=\"wp-block-buttons alignwide is-content-justification-center is-layout-flex wp-container-core-buttons-is-layout-a89b3969 wp-block-buttons-is-layout-flex\">\n<div class=\"wp-block-button\"><a class=\"wp-block-button__link has-text-align-center wp-element-button\" href=\"https:\/\/www.doctolib.fr\/psychologue\/lyon\/elodie-britton\"><strong>PRENDRE RDV SUR DOCTOLIB<\/strong><\/a><\/div>\n<\/div>\n<\/div>\n\n\n\n<div class=\"wp-block-column is-layout-flow wp-block-column-is-layout-flow\"><div class=\"wp-block-jetpack-contact-form is-layout-flex wp-container-jetpack-contact-form-is-layout-b7ed9015 wp-block-jetpack-contact-form-is-layout-flex\"><a href=\"https:\/\/elodiebritton-psychologue.com\/index.php\/tarifs\/\" target=\"_blank\" rel=\"noopener noreferrer\">Submit a form.<\/a><\/div><\/div>\n<\/div>\n<\/div>\n","protected":false},"excerpt":{"rendered":"<p>INFORMATIONS PRATIQUES Dur\u00e9e des consultations : 45 minutes. Fr\u00e9quence : elle est \u00e9tablie et ajust\u00e9e avec vous, en fonction de [&hellip;]<\/p>\n","protected":false},"author":1,"featured_media":0,"parent":0,"menu_order":6,"comment_status":"closed","ping_status":"closed","template":"","meta":{"site-sidebar-layout":"default","site-content-layout":"","ast-site-content-layout":"full-width-container","site-content-style":"default","site-sidebar-style":"default","ast-global-header-display":"","ast-banner-title-visibility":"","ast-main-header-display":"","ast-hfb-above-header-display":"","ast-hfb-below-header-display":"","ast-hfb-mobile-header-display":"","site-post-title":"","ast-breadcrumbs-content":"","ast-featured-img":"","footer-sml-layout":"","theme-transparent-header-meta":"","adv-header-id-meta":"","stick-header-meta":"","header-above-stick-meta":"","header-main-stick-meta":"","header-below-stick-meta":"","astra-migrate-meta-layouts":"default","ast-page-background-enabled":"default","ast-page-background-meta":{"desktop":{"background-color":"var(--ast-global-color-4)","background-image":"","background-repeat":"repeat","background-position":"center center","background-size":"auto","background-attachment":"scroll","background-type":"","background-media":"","overlay-type":"","overlay-color":"","overlay-opacity":"","overlay-gradient":""},"tablet":{"background-color":"","background-image":"","background-repeat":"repeat","background-position":"center center","background-size":"auto","background-attachment":"scroll","background-type":"","background-media":"","overlay-type":"","overlay-color":"","overlay-opacity":"","overlay-gradient":""},"mobile":{"background-color":"","background-image":"","background-repeat":"repeat","background-position":"center center","background-size":"auto","background-attachment":"scroll","background-type":"","background-media":"","overlay-type":"","overlay-color":"","overlay-opacity":"","overlay-gradient":""}},"ast-content-background-meta":{"desktop":{"background-color":"var(--ast-global-color-5)","background-image":"","background-repeat":"repeat","background-position":"center center","background-size":"auto","background-attachment":"scroll","background-type":"","background-media":"","overlay-type":"","overlay-color":"","overlay-opacity":"","overlay-gradient":""},"tablet":{"background-color":"var(--ast-global-color-5)","background-image":"","background-repeat":"repeat","background-position":"center center","background-size":"auto","background-attachment":"scroll","background-type":"","background-media":"","overlay-type":"","overlay-color":"","overlay-opacity":"","overlay-gradient":""},"mobile":{"background-color":"var(--ast-global-color-5)","background-image":"","background-repeat":"repeat","background-position":"center center","background-size":"auto","background-attachment":"scroll","background-type":"","background-media":"","overlay-type":"","overlay-color":"","overlay-opacity":"","overlay-gradient":""}},"footnotes":""},"class_list":["post-18","page","type-page","status-publish","hentry"],"yoast_head":"<!-- This site is optimized with the Yoast SEO plugin v27.3 - https:\/\/yoast.com\/product\/yoast-seo-wordpress\/ -->\n<title>Infos pratiques - Psychologue Lyon 6 - Elodie BRITTON<\/title>\n<meta name=\"robots\" content=\"index, follow, max-snippet:-1, max-image-preview:large, max-video-preview:-1\" \/>\n<link rel=\"canonical\" href=\"https:\/\/elodiebritton-psychologue.com\/index.php\/tarifs\/\" \/>\n<meta property=\"og:locale\" content=\"en_US\" \/>\n<meta property=\"og:type\" content=\"article\" \/>\n<meta property=\"og:title\" content=\"Infos pratiques - Psychologue Lyon 6 - Elodie BRITTON\" \/>\n<meta property=\"og:description\" content=\"INFORMATIONS PRATIQUES Dur\u00e9e des consultations : 45 minutes. Fr\u00e9quence : elle est \u00e9tablie et ajust\u00e9e avec vous, en fonction de [&hellip;]\" \/>\n<meta property=\"og:url\" content=\"https:\/\/elodiebritton-psychologue.com\/index.php\/tarifs\/\" \/>\n<meta property=\"og:site_name\" content=\"Psychologue Lyon 6 - Elodie BRITTON\" \/>\n<meta property=\"article:modified_time\" content=\"2024-05-10T16:36:49+00:00\" \/>\n<meta name=\"twitter:card\" content=\"summary_large_image\" \/>\n<meta name=\"twitter:label1\" content=\"Est. reading time\" \/>\n\t<meta name=\"twitter:data1\" content=\"1 minute\" \/>\n<script type=\"application\/ld+json\" class=\"yoast-schema-graph\">{\"@context\":\"https:\\\/\\\/schema.org\",\"@graph\":[{\"@type\":\"WebPage\",\"@id\":\"https:\\\/\\\/elodiebritton-psychologue.com\\\/index.php\\\/tarifs\\\/\",\"url\":\"https:\\\/\\\/elodiebritton-psychologue.com\\\/index.php\\\/tarifs\\\/\",\"name\":\"Infos pratiques - Psychologue Lyon 6 - Elodie BRITTON\",\"isPartOf\":{\"@id\":\"https:\\\/\\\/elodiebritton-psychologue.com\\\/#website\"},\"datePublished\":\"2023-12-15T02:30:50+00:00\",\"dateModified\":\"2024-05-10T16:36:49+00:00\",\"breadcrumb\":{\"@id\":\"https:\\\/\\\/elodiebritton-psychologue.com\\\/index.php\\\/tarifs\\\/#breadcrumb\"},\"inLanguage\":\"en-US\",\"potentialAction\":[{\"@type\":\"ReadAction\",\"target\":[\"https:\\\/\\\/elodiebritton-psychologue.com\\\/index.php\\\/tarifs\\\/\"]}]},{\"@type\":\"BreadcrumbList\",\"@id\":\"https:\\\/\\\/elodiebritton-psychologue.com\\\/index.php\\\/tarifs\\\/#breadcrumb\",\"itemListElement\":[{\"@type\":\"ListItem\",\"position\":1,\"name\":\"Accueil\",\"item\":\"https:\\\/\\\/elodiebritton-psychologue.com\\\/\"},{\"@type\":\"ListItem\",\"position\":2,\"name\":\"Infos pratiques\"}]},{\"@type\":\"WebSite\",\"@id\":\"https:\\\/\\\/elodiebritton-psychologue.com\\\/#website\",\"url\":\"https:\\\/\\\/elodiebritton-psychologue.com\\\/\",\"name\":\"Elodie Britton Psychologue\",\"description\":\"\",\"publisher\":{\"@id\":\"https:\\\/\\\/elodiebritton-psychologue.com\\\/#\\\/schema\\\/person\\\/a77952a18c251b2110847dd51f2bc744\"},\"potentialAction\":[{\"@type\":\"SearchAction\",\"target\":{\"@type\":\"EntryPoint\",\"urlTemplate\":\"https:\\\/\\\/elodiebritton-psychologue.com\\\/?s={search_term_string}\"},\"query-input\":{\"@type\":\"PropertyValueSpecification\",\"valueRequired\":true,\"valueName\":\"search_term_string\"}}],\"inLanguage\":\"en-US\"},{\"@type\":[\"Person\",\"Organization\"],\"@id\":\"https:\\\/\\\/elodiebritton-psychologue.com\\\/#\\\/schema\\\/person\\\/a77952a18c251b2110847dd51f2bc744\",\"name\":\"admin8326\",\"image\":{\"@type\":\"ImageObject\",\"inLanguage\":\"en-US\",\"@id\":\"https:\\\/\\\/i0.wp.com\\\/elodiebritton-psychologue.com\\\/wp-content\\\/uploads\\\/2024\\\/04\\\/cropped-cropped-cropped-Capture-decran-2024-04-28-a-14.35.22.png?fit=242%2C232&ssl=1\",\"url\":\"https:\\\/\\\/i0.wp.com\\\/elodiebritton-psychologue.com\\\/wp-content\\\/uploads\\\/2024\\\/04\\\/cropped-cropped-cropped-Capture-decran-2024-04-28-a-14.35.22.png?fit=242%2C232&ssl=1\",\"contentUrl\":\"https:\\\/\\\/i0.wp.com\\\/elodiebritton-psychologue.com\\\/wp-content\\\/uploads\\\/2024\\\/04\\\/cropped-cropped-cropped-Capture-decran-2024-04-28-a-14.35.22.png?fit=242%2C232&ssl=1\",\"width\":242,\"height\":232,\"caption\":\"admin8326\"},\"logo\":{\"@id\":\"https:\\\/\\\/i0.wp.com\\\/elodiebritton-psychologue.com\\\/wp-content\\\/uploads\\\/2024\\\/04\\\/cropped-cropped-cropped-Capture-decran-2024-04-28-a-14.35.22.png?fit=242%2C232&ssl=1\"},\"sameAs\":[\"http:\\\/\\\/elodiebritton-psychologue.com\"]}]}<\/script>\n<!-- \/ Yoast SEO plugin. -->","yoast_head_json":{"title":"Infos pratiques - Psychologue Lyon 6 - Elodie BRITTON","robots":{"index":"index","follow":"follow","max-snippet":"max-snippet:-1","max-image-preview":"max-image-preview:large","max-video-preview":"max-video-preview:-1"},"canonical":"https:\/\/elodiebritton-psychologue.com\/index.php\/tarifs\/","og_locale":"en_US","og_type":"article","og_title":"Infos pratiques - Psychologue Lyon 6 - Elodie BRITTON","og_description":"INFORMATIONS PRATIQUES Dur\u00e9e des consultations : 45 minutes. Fr\u00e9quence : elle est \u00e9tablie et ajust\u00e9e avec vous, en fonction de [&hellip;]","og_url":"https:\/\/elodiebritton-psychologue.com\/index.php\/tarifs\/","og_site_name":"Psychologue Lyon 6 - Elodie BRITTON","article_modified_time":"2024-05-10T16:36:49+00:00","twitter_card":"summary_large_image","twitter_misc":{"Est. reading time":"1 minute"},"schema":{"@context":"https:\/\/schema.org","@graph":[{"@type":"WebPage","@id":"https:\/\/elodiebritton-psychologue.com\/index.php\/tarifs\/","url":"https:\/\/elodiebritton-psychologue.com\/index.php\/tarifs\/","name":"Infos pratiques - Psychologue Lyon 6 - Elodie BRITTON","isPartOf":{"@id":"https:\/\/elodiebritton-psychologue.com\/#website"},"datePublished":"2023-12-15T02:30:50+00:00","dateModified":"2024-05-10T16:36:49+00:00","breadcrumb":{"@id":"https:\/\/elodiebritton-psychologue.com\/index.php\/tarifs\/#breadcrumb"},"inLanguage":"en-US","potentialAction":[{"@type":"ReadAction","target":["https:\/\/elodiebritton-psychologue.com\/index.php\/tarifs\/"]}]},{"@type":"BreadcrumbList","@id":"https:\/\/elodiebritton-psychologue.com\/index.php\/tarifs\/#breadcrumb","itemListElement":[{"@type":"ListItem","position":1,"name":"Accueil","item":"https:\/\/elodiebritton-psychologue.com\/"},{"@type":"ListItem","position":2,"name":"Infos pratiques"}]},{"@type":"WebSite","@id":"https:\/\/elodiebritton-psychologue.com\/#website","url":"https:\/\/elodiebritton-psychologue.com\/","name":"Elodie Britton Psychologue","description":"","publisher":{"@id":"https:\/\/elodiebritton-psychologue.com\/#\/schema\/person\/a77952a18c251b2110847dd51f2bc744"},"potentialAction":[{"@type":"SearchAction","target":{"@type":"EntryPoint","urlTemplate":"https:\/\/elodiebritton-psychologue.com\/?s={search_term_string}"},"query-input":{"@type":"PropertyValueSpecification","valueRequired":true,"valueName":"search_term_string"}}],"inLanguage":"en-US"},{"@type":["Person","Organization"],"@id":"https:\/\/elodiebritton-psychologue.com\/#\/schema\/person\/a77952a18c251b2110847dd51f2bc744","name":"admin8326","image":{"@type":"ImageObject","inLanguage":"en-US","@id":"https:\/\/i0.wp.com\/elodiebritton-psychologue.com\/wp-content\/uploads\/2024\/04\/cropped-cropped-cropped-Capture-decran-2024-04-28-a-14.35.22.png?fit=242%2C232&ssl=1","url":"https:\/\/i0.wp.com\/elodiebritton-psychologue.com\/wp-content\/uploads\/2024\/04\/cropped-cropped-cropped-Capture-decran-2024-04-28-a-14.35.22.png?fit=242%2C232&ssl=1","contentUrl":"https:\/\/i0.wp.com\/elodiebritton-psychologue.com\/wp-content\/uploads\/2024\/04\/cropped-cropped-cropped-Capture-decran-2024-04-28-a-14.35.22.png?fit=242%2C232&ssl=1","width":242,"height":232,"caption":"admin8326"},"logo":{"@id":"https:\/\/i0.wp.com\/elodiebritton-psychologue.com\/wp-content\/uploads\/2024\/04\/cropped-cropped-cropped-Capture-decran-2024-04-28-a-14.35.22.png?fit=242%2C232&ssl=1"},"sameAs":["http:\/\/elodiebritton-psychologue.com"]}]}},"jetpack_sharing_enabled":true,"_links":{"self":[{"href":"https:\/\/elodiebritton-psychologue.com\/index.php\/wp-json\/wp\/v2\/pages\/18","targetHints":{"allow":["GET"]}}],"collection":[{"href":"https:\/\/elodiebritton-psychologue.com\/index.php\/wp-json\/wp\/v2\/pages"}],"about":[{"href":"https:\/\/elodiebritton-psychologue.com\/index.php\/wp-json\/wp\/v2\/types\/page"}],"author":[{"embeddable":true,"href":"https:\/\/elodiebritton-psychologue.com\/index.php\/wp-json\/wp\/v2\/users\/1"}],"replies":[{"embeddable":true,"href":"https:\/\/elodiebritton-psychologue.com\/index.php\/wp-json\/wp\/v2\/comments?post=18"}],"version-history":[{"count":95,"href":"https:\/\/elodiebritton-psychologue.com\/index.php\/wp-json\/wp\/v2\/pages\/18\/revisions"}],"predecessor-version":[{"id":1200,"href":"https:\/\/elodiebritton-psychologue.com\/index.php\/wp-json\/wp\/v2\/pages\/18\/revisions\/1200"}],"wp:attachment":[{"href":"https:\/\/elodiebritton-psychologue.com\/index.php\/wp-json\/wp\/v2\/media?parent=18"}],"curies":[{"name":"wp","href":"https:\/\/api.w.org\/{rel}","templated":true}]}}